{"id":399,"date":"2020-12-18T15:52:50","date_gmt":"2020-12-18T18:52:50","guid":{"rendered":"https:\/\/www.iglesiaenlaplata.ar\/?page_id=399"},"modified":"2020-12-18T15:52:51","modified_gmt":"2020-12-18T18:52:51","slug":"una-navidad-diferente","status":"publish","type":"page","link":"https:\/\/www.iglesiaenlaplata.ar\/?page_id=399","title":{"rendered":"Una Navidad diferente"},"content":{"rendered":"\n<div class=\"wp-block-media-text alignwide is-stacked-on-mobile is-vertically-aligned-top\" style=\"grid-template-columns:15% auto\"><figure class=\"wp-block-media-text__media\"><img loading=\"lazy\" decoding=\"async\" width=\"1024\" height=\"1024\" src=\"https:\/\/www.iglesiaenlaplata.ar\/wp-content\/uploads\/2020\/12\/b89dfb2c67e973be215c6ace3c609a66.jpg\" alt=\"\" class=\"wp-image-403 size-full\"\/><\/figure><div class=\"wp-block-media-text__content\">\n<p style=\"font-size:24px\"><strong>UNA NAVIDAD DIFERENTE<\/strong><\/p>\n\n\n\n<p class=\"has-regular-font-size\">Vivimos en una parte del mundo llamado \u201coccidental y cristiano\u201d, que de occidental tiene mucho, pero de cristiano s\u00f3lo algunas costumbres y tradiciones, como la celebraci\u00f3n de la Navidad. Le propongo, estimado lector, que esta Navidad la celebre de un modo diferente de la manera que lo viene haciendo, tal vez, desde hace mucho tiempo.<\/p>\n\n\n\n<p class=\"has-regular-font-size\">Quiz\u00e1 Ud. pertenece al grupo de personas que aprovecha la Navidad para reunirse con sus familiares y amigos para estrechar v\u00ednculos afectivos, zanjando diferencias o enojos y restablecer la paz y armon\u00eda. Perm\u00edtame que lo felicite por sus buenos y nobles sentimientos. \u00a1Oh! Si muchos fueran como Ud., sin duda, tendr\u00edamos un mundo mejor. Pero \u00bfpor qu\u00e9 esperar hasta Navidad para emprender tan buena acci\u00f3n? La Navidad puede ser una fecha muy tard\u00eda. La Palabra de Dios dice: <em>\u201c\u2026no sab\u00e9is lo que ser\u00e1 ma\u00f1ana. Porque \u00bfqu\u00e9 es vuestra vida? Ciertamente es un vapor que se aparece por un poco de tiempo, y luego se desvanece\u201d <\/em>(Santiago 4:14).<\/p>\n\n\n\n<p class=\"has-regular-font-size\">O tal vez, Ud. es de aquellos que est\u00e1n atados a formalismos o tradiciones ancestrales cuyo cumplimiento pareciera acallar las consciencias. En el tiempo del profeta Isa\u00edas, el Pueblo de Israel era recriminado por Dios de esta manera: <em>\u201c\u2026vuestras solemnidades tiene aborrecidas mi alma: me son gravosas; cansado estoy de llevarlas.\u201d<\/em> (Isa\u00edas 1:14). Por tanto, conviene recordar que tales formalismos y tradiciones son, la mayor parte de las veces, meros ritualismos carentes de valores trascendentes y, como consecuencia, vac\u00edos y por si fuera poco son agravios que se confieren a Dios. \u00a1Al\u00e9jese de ellos!<\/p>\n\n\n\n<p class=\"has-regular-font-size\">Pero hay otro grupo de personas con las cuales, Ud. tal vez se podr\u00eda identificar; y son aquellas que aprovechan esta fiesta para comer y beber. Es verdad que no siempre es posible regalarse con ciertas exquisiteces que halagan el paladar. Sin embargo, pareciera ser que la \u00fanica fecha propicia fuera la Navidad. Pensamos que, realiz\u00e1ndolo con moderaci\u00f3n y templanza, no estar\u00eda mal, pero no lo haga en Navidad, \u00e9sta tiene que ver con el Reino de Dios, y las Sagradas Escrituras nos dicen: <em>\u201cQue el Reino de Dios no es comida ni bebida, sino justicia y paz y gozo por el Esp\u00edritu Santo\u201d <\/em>(Romanos 14:17).<\/p>\n\n\n\n<p class=\"has-regular-font-size\">En esta clasificaci\u00f3n de las personas, deseamos agregar un \u00faltimo grupo, en el cual quiz\u00e1 Ud. est\u00e1 enrolado. Son aquellos que emplean la Navidad haciendo cosas intrascendentes que podr\u00edan efectuar cualquier d\u00eda del a\u00f1o. \u00a1Hay tantos feriados! Por qu\u00e9 no usar uno de ellos en lugar de Navidad.<\/p>\n\n\n\n<p class=\"has-regular-font-size\">Y ahora sin perturbaciones, ocupaciones o compromisos, lo invito a que piense en una Navidad diferente. \u00bfQu\u00e9 es una Navidad diferente? Es la Navidad B\u00edblica. Porque lo que ha estado celebrando es una Navidad, que de tal, s\u00f3lo tiene el nombre. Porque si lee el relato del Nacimiento de Nuestro Se\u00f1or Jesucristo en los Evangelios, se dar\u00e1 cuenta qu\u00e9 distancia hay entre la Navidad que celebra el mundo y la Navidad B\u00edblica.<\/p>\n\n\n\n<p class=\"has-regular-font-size\">La Navidad es mucho m\u00e1s que la recordaci\u00f3n del nacimiento del Se\u00f1or Jesucristo. La Navidad es mucho m\u00e1s que una fiesta religiosa. La Navidad es mucho m\u00e1s que expresar el deseo de <em>\u201cbuena voluntad entre los hombres\u201d.<\/em> La Navidad B\u00edblica, es el comienzo en la tierra de la obra m\u00e1s sublime de Dios realizada en el Cielo. La Navidad es la manifestaci\u00f3n m\u00e1s excelsa del amor de Dios. La Navidad es el milagro m\u00e1s portentoso del Creador. Algunos incr\u00e9dulos acerca del nacimiento virginal del Se\u00f1or lo niegan, pensando que es algo imposible de suceder. Sin embargo, este no es el hecho m\u00e1s grande, el milagro mayor, que la Navidad proclama, es que Dios se hizo carne: <em>\u201cY aquel Verbo fue hecho carne, y habit\u00f3 entre nosotros\u2026\u201d<\/em> (Juan 1:14). \u00bfC\u00f3mo fue esto? <em>\u201cEl Esp\u00edritu Santo vendr\u00e1 sobre ti, y la virtud del Alt\u00edsimo te har\u00e1 sombra\u2026\u201d<\/em> le dijo el \u00e1ngel a Mar\u00eda (Lucas 1:35). \u00bfPor qu\u00e9? <em>\u201cPorque de tal manera am\u00f3 Dios al mundo, que ha dado a su Hijo Unig\u00e9nito\u2026\u201d<\/em>. \u00bfPara qu\u00e9? <em>\u201c\u2026para que todo aquel que en \u00c9l cree, no se pierda m\u00e1s tenga vida eterna\u201d<\/em> (Juan 3:16). En aquella Navidad, Dios provey\u00f3 a Su Hijo de un cuerpo (cuerpo, alma y esp\u00edritu) para que fuera a la Cruz y all\u00ed pudiera cargar el pecado de todo el mundo. La Cruz est\u00e1 \u00edntimamente ligada a la Navidad, de tal manera que podemos decir, sin temor a equivocarnos, que SIN NAVIDAD NO HAY CRUZ. Porque era necesario que el Hijo de Dios se encarnara para que el Padre Eterno pusiera en contacto con \u00c9l el pecado de todos nosotros. En la Cruz, Cristo fue clavado para deshacimiento del pecado que condena al hombre a eterna perdici\u00f3n. En la Cruz, Cristo, destruy\u00f3 por la muerte al que ten\u00eda el imperio de la muerte, es a saber al diablo, para que el hombre no est\u00e9 m\u00e1s sujeto a la servidumbre de vicios y maldades.<\/p>\n\n\n\n<p class=\"has-regular-font-size\">Pero tambi\u00e9n podemos decir que SIN CRUZ NO HAY NAVIDAD. Quiz\u00e1 Ud., hasta ahora, ha estado celebrando una Navidad sin cruz. Y cuando nos referimos a la Cruz no hacemos menci\u00f3n a las tribulaciones o vicisitudes de la vida, ni a los trozos de madera o de metal de esa forma. La Cruz de la cual hablamos, es la de Cristo, que para el hombre significa reconocerse pecador, negarse a s\u00ed mismo; es decir, llegar a la conclusi\u00f3n que no es digno por s\u00ed de ser salvo y que todo lo que pudiere hacer es insuficiente para lograrlo. La Cruz de Cristo implica, tambi\u00e9n, confesar con la boca al Se\u00f1or Jes\u00fas y creer en el coraz\u00f3n que Dios le levant\u00f3 de los muertos.<\/p>\n\n\n\n<p class=\"has-regular-font-size\">\u00a1Comprenda, estimado lector, que lo que le propongo es UNA NAVIDAD DIFERENTE!<\/p>\n\n\n\n<p class=\"has-regular-font-size\">La Navidad que acostumbraba a celebrar ten\u00eda por objeto ocuparse de lo de aqu\u00ed abajo, quiz\u00e1 bueno pero pasajero, o tal vez no tan bueno. La Navidad diferente trasciende lo terreno.<\/p>\n\n\n\n<p class=\"has-regular-font-size\">Y ahora s\u00ed. Una vez que haya meditado en la Navidad B\u00edblica, arrepentido de sus pecados para con Dios y cre\u00eddo en el Se\u00f1or Jesucristo, como su \u00fanico y suficiente Salvador; ahora s\u00ed: le invito a que haga fiesta y llame a sus familiares y amigos y cu\u00e9ntele cuan grandes cosas ha hecho Dios con Ud. Qu\u00e9 as\u00ed sea.<\/p>\n\n\n\n<p class=\"has-text-align-right has-regular-font-size\">Pastor J. ARTURO POLETTI<\/p>\n<\/div><\/div>\n ","protected":false},"excerpt":{"rendered":"<p>UNA NAVIDAD DIFERENTE Vivimos en una parte del mundo llamado \u201coccidental y cristiano\u201d, que de&#8230;<\/p>\n","protected":false},"author":1,"featured_media":0,"parent":315,"menu_order":0,"comment_status":"closed","ping_status":"closed","template":"","meta":{"footnotes":""},"class_list":["post-399","page","type-page","status-publish","hentry"],"_links":{"self":[{"href":"https:\/\/www.iglesiaenlaplata.ar\/index.php?rest_route=\/wp\/v2\/pages\/399","targetHints":{"allow":["GET"]}}],"collection":[{"href":"https:\/\/www.iglesiaenlaplata.ar\/index.php?rest_route=\/wp\/v2\/pages"}],"about":[{"href":"https:\/\/www.iglesiaenlaplata.ar\/index.php?rest_route=\/wp\/v2\/types\/page"}],"author":[{"embeddable":true,"href":"https:\/\/www.iglesiaenlaplata.ar\/index.php?rest_route=\/wp\/v2\/users\/1"}],"replies":[{"embeddable":true,"href":"https:\/\/www.iglesiaenlaplata.ar\/index.php?rest_route=%2Fwp%2Fv2%2Fcomments&post=399"}],"version-history":[{"count":3,"href":"https:\/\/www.iglesiaenlaplata.ar\/index.php?rest_route=\/wp\/v2\/pages\/399\/revisions"}],"predecessor-version":[{"id":404,"href":"https:\/\/www.iglesiaenlaplata.ar\/index.php?rest_route=\/wp\/v2\/pages\/399\/revisions\/404"}],"up":[{"embeddable":true,"href":"https:\/\/www.iglesiaenlaplata.ar\/index.php?rest_route=\/wp\/v2\/pages\/315"}],"wp:attachment":[{"href":"https:\/\/www.iglesiaenlaplata.ar\/index.php?rest_route=%2Fwp%2Fv2%2Fmedia&parent=399"}],"curies":[{"name":"wp","href":"https:\/\/api.w.org\/{rel}","templated":true}]}}